 Let f = -1049 - -1054. Suppose 5*w + 2*k - f*k = 203, 5*w - m = -k. What is the tens digit of w?
4
Let y(c) = -13899*c + 424. What is the hundreds digit of y(-1)?
3
Let a(k) = 10*k - 24. Let v(s) = -30*s + 72. Let u(g) = 7*a(g) + 2*v(g). Let o be u(12). Let p = 182 - o. What is the tens digit of p?
8
What is the hundreds digit of ((-2412)/(-27))/(144/67932)?
1
Suppose -27*r - 11*r + 1444 = 0. What is the units digit of r/(-3 - 371/(-119))?
3
Let z(l) = -231*l + 107. What is the units digit of z(-25)?
2
Suppose -5*g + 6 = -2*g. Let i = 165 + -77. Suppose 0 = g*v - v - i. What is the tens digit of v?
8
Suppose 0 = -3*a - a + 3*z + 921, 2*z = 5*a - 1146. Suppose 6*i - 637 = -13. Let q = a - i. What is the hundreds digit of q?
1
Let w(t) = 3*t**2 - 29*t + 24. Let o = 183 + -171. What is the hundreds digit of w(o)?
1
Let y = -341 - -349. Suppose y*m - 3280 = 3*m. What is the units digit of m?
6
Let m(u) = 8*u - 59. Let q be m(8). Suppose -q*x - 46 = -l, -2*x = -l - 0*x + 40. What is the tens digit of l?
3
Let r = -115 - -193. Let o = 75 - r. What is the units digit of 1644/15*(3 + o/6)?
4
Suppose -4*i - 3*z = -0*z - 5781, 0 = 2*z + 10. Suppose 29*c = 26*c - i. What is the units digit of 2/(-3)*(-2)/((-4)/c)?
1
What is the hundreds digit of (-7615*6/15)/(-2)?
5
Let g = 16 - 16. Suppose g = -r + 2*r - 2. What is the tens digit of (-93)/(r - (-21)/(-6))?
6
Let t be 3*(-2)/10 + (-2793)/95. What is the thousands digit of (-5257)/(-5) + 12/t?
1
Let c = 625 - 432. Let p = c + -170. What is the units digit of p?
3
Let z(w) = 8*w - 16. Let s be z(2). Suppose s = -6*i - 4*i + 30. Suppose i*b + 5*g - 200 = 184, 2*b = -3*g + 257. What is the tens digit of b?
3
Suppose 19*f - 15823707 = -23*f - 249*f. What is the thousands digit of f?
4
Let w(j) = 31*j + 47. Let c(x) = -46*x - 70. Let m = -64 - -56. Let i(h) = m*w(h) - 5*c(h). What is the tens digit of i(-5)?
6
Let c(k) = 4*k**2 + 13*k - 12. Let r be c(-11). Suppose 0 = 12*i - 595 - r. What is the tens digit of i?
7
Let u(r) = -683*r**3 + 29*r**2 + 83*r + 3. What is the tens digit of u(-3)?
5
Let c(a) = -a**3 + 13*a**2 - 9*a - 17. Let w be c(12). Let g(i) = i**2 - 14*i - 12. Let z be g(w). Suppose 9*d - 304 - z = 0. What is the tens digit of d?
4
Suppose -49*n + 84*n = 141925. What is the units digit of n?
5
What is the units digit of (-424)/(4/7*(6 - (-250)/(-40)))?
8
Let y(i) = -26 + 2 - 6 - 5*i. Let m be y(-6). Suppose -3*j + 342 + 156 = m. What is the tens digit of j?
6
Suppose 3*a - 10 = -19. What is the units digit of (-1)/((-3 - -4)*a/2139)?
3
Let z be 5/(-6) - 13/78. Let s(n) = 8*n**2 + 4*n + 5. Let o be s(z). Suppose 77 = o*p - 724. What is the units digit of p?
9
Suppose -5*q + 4 = -3*y + 19, -15 = -5*q - 3*y. Suppose -3*g + 3 = q, 182 = 4*p - 16*g + 18*g. What is the tens digit of p?
4
Let j = 4823 + 243. What is the hundreds digit of j?
0
Let v(u) = 8*u + 116. Let g be v(-14). What is the tens digit of 7 - (1470/(-7) - g)?
2
Suppose 53*u = 9*u - 17*u + 1617415. What is the tens digit of u?
1
Let w = 41 - 45. Let a be -4 + 5*w/(-10). What is the units digit of a/9*-1 - (-295)/9?
3
Suppose 2*j + 3*h - 7206 = 0, 4*j - 1053*h - 14424 = -1056*h. What is the thousands digit of j?
3
Suppose 7*i = i + 11*i - 57610. What is the ten thousands digit of i?
1
Let s(w) = -3 - w**3 + w - 84*w**2 + 6*w + 83*w**2. What is the tens digit of s(-4)?
1
Let c = 224 - 132. Let h = c + -81. What is the tens digit of h?
1
Let i(o) = 4 + 13*o**2 + 80*o + 330*o**2 - 84*o. What is the tens digit of i(1)?
4
Let o(y) = -35*y + 12. Let h be o(3). Let f = h - -212. What is the tens digit of f?
1
Let b be ((-3)/(-18)*2)/((-5)/(-15)). Suppose 6*k + b - 7 = 0. Suppose -3*d - 472 = -6*q + q, 0 = d - k. What is the tens digit of q?
9
Let p(w) = 10*w**2 - 119*w + 9. What is the tens digit of p(-12)?
7
Let b(n) = 66*n + 20. Let g be b(14). Suppose 0 = 12*t - g - 508. What is the hundreds digit of t?
1
Let g(i) = -i**3 + 10*i**2 - 8*i - 5. Let l be g(9). Suppose 4*b + 1 - 6 = -3*j, -3*j = -l*b - 37. Suppose -j*c + 422 = -47. What is the units digit of c?
7
Let q = -64068 + 91427. What is the tens digit of q?
5
Suppose 2715 = 42*f - 39*f. Let o be f + (3 - -3) + -3. Suppose 14*i = 352 + o. What is the units digit of i?
0
Suppose 2*h - 8 = -3*b + 16, b = -3*h + 15. Suppose l = b*l - 35. Suppose 19 + 44 = l*v. What is the units digit of v?
9
Suppose 0 = -4*l + 4*u + 185204, -7*l - 59*u + 324075 = -58*u. What is the thousands digit of l?
6
Suppose 3 = i, 118*t - 121*t + 6936 = i. What is the hundreds digit of t?
3
Let x = 2955 + 726. What is the thousands digit of x?
3
Suppose -4*r + 31*z = 30*z - 22179, -4*r + 22177 = -3*z. What is the units digit of r?
5
Let o(f) = 5*f**2 - 2*f - 13. Let u be o(6). Suppose -6*z - u = -17. Let s(t) = t**3 + 24*t**2 + 17*t + 28. What is the tens digit of s(z)?
6
Suppose -16*h + h + 75 = 0. Suppose 2715 = 4*m - 0*f - 5*f, -h*f = m - 710. Suppose 17*z - 4646 = -m. What is the hundreds digit of z?
2
Let k be (8 - 3) + (-222)/12*-10. Let w be 0 + -6*31/(-2). Let d = k - w. What is the tens digit of d?
9
What is the tens digit of (-8 - (-21386)/2) + 2?
8
Let n = -61 + 64. Suppose 0 = 3*r + 3*b - 3, n*b = -6*r + 2*r + 9. Suppose 8*c - r*c - 174 = 0. What is the tens digit of c?
8
Suppose -183696 = -10*n - 102712 + 249756. What is the hundreds digit of n?
0
Suppose -m = -0*m + 4, 5*z = 2*m + 140348. What is the hundreds digit of z?
0
Suppose 0 = -6*m - 16*m + 44. Suppose 3*z = f + 11, 10*f + 6 = 9*f + m*z. What is the units digit of f?
4
Suppose -3*m + 73096 = -2*q, 27 = 5*q + 52. What is the units digit of m?
2
Let p(b) = -b**3 - 13*b**2 - 22*b - 12. Let v be p(7). Let h = v - -2119. What is the units digit of h?
3
Let s(g) = 2*g**2 + 8*g + 22. Let v(o) = -o**2 - 7*o - 7. Let z be v(-7). Let m be s(z). What is the units digit of (-415)/(-7) - (m/28 + -2)?
9
Suppose -8 = -h - 6. Suppose 4*r - h*x + 8 = 6*r, 3*r - 8 = -x. What is the units digit of (84/(-18))/(r/(-57))?
3
Let r(k) = k**3 + 11*k**2 + 14*k + 13. Let u(p) = -7*p + 47. Let j be u(8). What is the units digit of r(j)?
9
Let w = -131 - -141. What is the units digit of (153/(-4) - w/(-8))*-4?
8
Suppose -5*b + 10 = -5. Suppose -2*m + 4*t + 481 = b*m, -t + 195 = 2*m. What is the units digit of m?
7
Let q = 75 + -13. Suppose 0 = -4*c - 5*i + 10, 2*c + 18 = 6*c + i. Suppose 0 = -c*h - q + 777. What is the units digit of h?
3
Let z = 16 - -122. Suppose -6*f = -z - 252. Let g = 36 + f. What is the hundreds digit of g?
1
Let x be -3 + 148/(-4) - 0. Let l be (84/15)/((-2)/x). What is the tens digit of (l/(-6))/((-6)/9)?
2
Let d be 3/((-1)/(6/(-18))). Suppose 0 = -4*o + 1 - d. Let s(u) = u**2 + 92. What is the units digit of s(o)?
2
Let d be (-45)/9*1/(-1). Let j(p) = 8*p + 7 + d + 1 + 2. What is the units digit of j(10)?
5
Let b = -234 - -234. Suppose b = -7*n + 2069 + 752. What is the tens digit of n?
0
Suppose -2*s + 171048 = 4*x, -3*x = s - 106127 - 22157. What is the ten thousands digit of x?
4
Suppose -3534*d + 3536*d - 19658 = 0. What is the tens digit of d?
2
Let h = 64 + -61. Let j(f) = 157*f + 117. What is the tens digit of j(h)?
8
What is the units digit of (((-26996)/10)/17)/(3/(-390)*2)?
2
What is the hundreds digit of -68316*((-2)/8 - 1/4)?
1
Let l be (5 - 5)*(-5)/15. Suppose 3*c - 2*x - 583 = l, -c - 3*c + 759 = x. What is the units digit of c?
1
Suppose -3*v + 123 = -0*v. Suppose -v = -4*u - 17. What is the tens digit of ((-16)/u)/((-194)/(-39) + -5)?
0
Let v(m) be the second derivative of 13*m**3/6 - 37*m**2/2 + 21*m. Let r be v(5). What is the hundreds digit of 2905/r - ((-6)/(-8) + -1)?
1
Suppose 0 = 2*c - 4*y - 8, -3*c + 4*c = y + 4. Suppose 3*q + 2*j = 70, 2*q - 3*q = -c*j. Suppose -15*z + q*z = 5. What is the units digit of z?
1
Let m(t) be the first derivative of 135*t**2/2 + 3*t - 221. What is the units digit of m(6)?
3
Suppose 0 = w - 6*w - 5850. Let f = 2161 + w. What is the hundreds digit of f?
9
Suppose -5*f = -3*d + 109503, -2*d - 4*f - f + 72952 = 0. What is the hundreds digit of d?
4
Let u(a) = 80*a + 179. Let c be u(25). Suppose -c*h = -2182*h + 5325. What is the thousands digit of h?
1
Let b(u) = -8*u - 27. Let i be b(-6). Let x(o) = i*o - o - 13*o + 0*o. What is the tens digit of x(5)?
3
Let k be (-8 - 1)*(-6 - -29) - -4. What 